= 2*b. Let p be (63/b - 0)*-4. Suppose v - p = -4. What is the tens digit of v?
1
Suppose 5*x - 3*c - 10402 = 0, 47*x - 2*c + 8304 = 51*x. What is the units digit of x?
8
Suppose 40847 = 19*g + 9269. What is the tens digit of g?
6
Suppose 219 = 5*t + 19. Suppose -t = -15*u + 95. What is the units digit of u?
9
Suppose -2*h - 6 = 5*g, g + 7 = -3*h - 2. Let i = g - -10. Suppose y = -2*s - 1, 0*s = 5*y - 5*s - i. What is the units digit of y?
1
Suppose 593 = 8*o - 1695. What is the tens digit of o?
8
Suppose 0 = -3*r - 15 - 231. Let i = r - -175. What is the tens digit of i?
9
Let g(h) = h**3 - 7*h**2 - h - 10. Let a be g(7). Let v = a + 12. What is the tens digit of (v*5)/(0 - 1)?
2
Let l(m) = -1647*m - 27. What is the hundreds digit of l(-1)?
6
Let o(m) = -7*m**2 + 2*m + 17. Let v(q) = 3*q**2 - q - 8. Let l(x) = 2*o(x) + 5*v(x). Let t(k) = 2*k - 18. Let r be t(12). What is the tens digit of l(r)?
2
Let n = -449 + 1128. What is the tens digit of n?
7
Suppose 3*h = 0, -3*b + 4*h = 5*h + 27. Let k be (42/(-10))/(b/225). What is the tens digit of (-2)/(-3)*k/2?
3
Suppose -2*d + 66 = 4*a, -3*d + 2 + 7 = 0. What is the units digit of (-221)/(-7) - a/(-35)?
2
Let b = 1305 + -401. What is the tens digit of b?
0
Let v(l) = -l**3 + 13*l + 13. Let n be v(-4). Suppose -30*p + n*p + 1145 = 0. What is the hundreds digit of p?
2
Let o be (-1)/((-2 - -4) + -1). Let t(d) = 2 - 7 + 2*d**2 - 16*d**3 + 4. What is the units digit of t(o)?
7
Suppose 5*r + 12 = 11*r. Suppose 5*v - 4*p = 922, -4*v + 0*v + 734 = -r*p. What is the tens digit of v?
8
Let n be (-1 - (-1)/3)*(-52 - -49). Suppose n*u + 770 = 3*m, 173 = 4*m - 5*u - 842. What is the units digit of m?
0
Let r(o) = -11*o + 13. Let y be (-84)/18 + (4/(-3))/(-2). What is the units digit of r(y)?
7
Suppose 4*z = 3*f - 7, 2*z + 3*f = 5*z + 9. Suppose -z*n + 78 = -5*j, -62 = -0*n - 2*n - 3*j. What is the tens digit of n?
3
Suppose -2*i = 5*m - 16, -14 = -2*m + m - 4*i. Suppose -m*j = 2*j - 12. Let s(d) = d + 4. What is the units digit of s(j)?
7
Let p(i) = i**2 - 10*i + 13. Let n be p(9). Suppose -j - 3*a + a - 11 = 0, -4*a = 4*j + 28. What is the units digit of n/(-1 + 3) - j?
5
Let f(m) = 22*m**2 - 2*m. Suppose 0*x = -3*x - 9. What is the units digit of f(x)?
4
Let j be 23 - (-2 + (8 - 3)). Let m be (j/6)/(6/63). What is the units digit of (-7)/(-2)*220/m?
2
Suppose 3*w = 7*w - 5*g - 9971, -12433 = -5*w - 4*g. What is the thousands digit of w?
2
Let b = 3968 + -2819. Suppose -b = -4*z - z - 3*v, 5*v = -z + 243. What is the tens digit of z?
2
Let i be ((-30)/(-18))/(5/6). Let m be 30/9 - i/6. Suppose 5*z - 2*h - 214 = 0, 0 = -m*z + 2*h + 2*h + 120. What is the tens digit of z?
4
Suppose -6*z + 4*z - 4*l - 46 = 0, -5*z = 5*l + 125. Let r be (-1)/(-2) - z/6. Suppose m - 11 = r. What is the tens digit of m?
1
Suppose -29 = o - 4*x, -o - 21 = 2*x - 4*x. Let i = o - -45. What is the units digit of i?
2
Suppose 5*w - 2663 = -3*g, 2*g - 3*g = -5*w + 2659. What is the tens digit of w?
3
Suppose -g = 3*k + 385, -5 = 5*g - 0. Let h = k - -134. What is the units digit of h?
6
Suppose -7*w + 0*w = -1001. Suppose k + 160 = -4*c + 729, c + k = w. What is the hundreds digit of c?
1
Let s(o) = o**2 - o + 1. Suppose -2*a - 3 + 15 = 0. Let h be s(a). Suppose -3*b = 4*x - 0 - 45, 4*x = b - h. What is the tens digit of b?
1
Let i = -106 - -103. Let v(n) = -18*n + 31. What is the tens digit of v(i)?
8
Suppose -633 - 402 = -5*f. What is the units digit of f?
7
Let j be (-3 + (-20)/(-6))*9. Let c be 9 - 1/(j/6). What is the units digit of c*1 + 4 + -2?
9
Let t(p) = 2*p + 10. Let d be t(-3). Suppose -4*z + z = 0. Suppose 96 = -z*l + d*l. What is the units digit of l?
4
Suppose -k = y + 1, 5*y = k + 4*y + 11. What is the tens digit of k/(-21) - (-1632)/21?
7
Let r = 321 - 274. Let n = 21 + -51. Let p = r + n. What is the tens digit of p?
1
Suppose -3*s - 3*d - 5 = 1, -9 = 2*s + 3*d. Suppose -m = 5*l - 162, 4*m + 4*l = s*l + 648. What is the units digit of m?
2
Let k(w) = -3 - 44*w**3 + 12*w - 8*w**2 + 45*w**3 - 3 - 5. What is the tens digit of k(8)?
8
Let b(z) = -z**3 + 6*z**2 - 3*z - 5. Let a be b(5). What is the tens digit of 15/(a/(10/3))?
1
Let n(g) = -14*g + 1. Let a be n(-3). Suppose t + 57 = -2*p + 49, 22 = -4*t - 3*p. What is the tens digit of t/12*3 + a?
4
Let n be (-3)/(-9) - (-1)/(-3). Suppose 0 = -n*x + 2*x - 44. Let r = x + -9. What is the tens digit of r?
1
What is the hundreds digit of (-10698)/4*118/(-177)?
7
Suppose c + 158 = 5*p, -3*c + 8 = c. Suppose -412 = -5*k - p. What is the tens digit of k?
7
Let x(y) = y**3 + y**2 - 4*y + 1. Let w be x(-2). Suppose -1305 = -w*i - 3*q, -3*i - 3*q + 522 = -i. What is the units digit of i?
1
Let b(v) = v**2 - 4*v - 4. Let w be b(4). Let u be w*((-3)/1)/3. Suppose 0 = u*i - 3*i - 14. What is the tens digit of i?
1
Suppose -4*d - 306 = -d. Let p be d/(-17) - (-2)/(-1). What is the tens digit of p*51*(-2)/(-12)?
3
Suppose u = -0*u - g - 2, 5*u = -g + 6. Suppose 0 = -u*f - 3*s + 149, 4*f - 491 = -5*s - 196. What is the units digit of f?
0
Let t(a) = -2*a**2 - 2*a + 1. Let p be t(1). Let w = -32 + 33. What is the tens digit of 6 + 21 + w + p?
2
Let i(l) = -53*l. Let t be i(-1). Suppose -2*x + 55 + t = 0. What is the tens digit of x?
5
Suppose 0 = 3*z + 9, 5*t - 2*z - 3075 = 3736. What is the hundreds digit of t?
3
Suppose 3*l = -3*y + 104 + 1273, -4*l + 1827 = -5*y. What is the units digit of l?
8
Suppose r = 7 - 5. Let b be 2 + r/(-1) + 6. Suppose h = -a + 6, h - 3*a - 12 = b. What is the units digit of h?
9
Let n = -186 - -746. Suppose -9*u = -4*u + n. Let c = -63 - u. What is the units digit of c?
9
Suppose -b + 3*s + 91 = 0, 2*s - 4*s - 308 = -3*b. Suppose -3*n + 4*n = 5*k + 76, n = -5*k + b. What is the units digit of n?
1
Let k(f) = -f**2 - 7*f - 1. Let d be k(-6). Suppose -d*p + 21 = -14. Suppose -2*v + p = -v. What is the units digit of v?
7
Suppose 5*b + 3*q = 16, 4*b - 3*q + 0*q - 2 = 0. Suppose -73 = 3*t - b*t. Let p = -21 - t. What is the units digit of p?
2
Let p be (-2)/(-6)*-2 - (-5720)/39. Suppose -4*n = -450 - p. What is the units digit of n?
9
Let q(n) = n**3 - 2*n**2 + 4*n - 3. Let m be q(2). Let w be 1 + 15 + 0/5. Suppose h - 1 = -a, w = -m*h + h. What is the units digit of a?
5
Suppose -1581 = -7*m + 1100. What is the tens digit of m?
8
Suppose 0 = -313*l + 326*l - 24674. What is the thousands digit of l?
1
Let l = 2319 + -1466. What is the tens digit of l?
5
Let s be 336/33 - 2/11. Let d = s + -6. Suppose m - 2*m + 25 = -d*j, 3*j + 113 = 4*m. What is the units digit of m?
9
Let s be 5 + 18/(-6) - 7. Let d(f) = 5*f**2 + 4*f - 6. Let w(y) = 11*y**2 + 9*y - 12. Let r(k) = 5*d(k) - 2*w(k). What is the units digit of r(s)?
9
Let z(u) = 3*u + 13. Let f be z(-3). Suppose l + 962 = 4*h - 0*l, 0 = 3*h + 5*l - 710. What is the units digit of (2/f)/(20/h)?
6
Let t = 2410 + -1579. What is the units digit of t?
1
Let o = -182 - -209. What is the tens digit of o?
2
Suppose -3*t = -0*t - 3. Suppose s - 3 = t. Suppose -n = -68 - s. What is the units digit of n?
2
Suppose 4*f - 4*x + 856 = -x, -3*x + 1073 = -5*f. Let s = f - -327. What is the units digit of s?
0
Let l(p) = -5*p - 6. Let j(z) = 56*z + 66. Let w(a) = -6*j(a) - 68*l(a). What is the tens digit of w(12)?
6
Suppose 9*f = -374 - 274. Let y be 1/1*1*-43. Let a = y - f. What is the units digit of a?
9
What is the hundreds digit of ((-45)/(-12))/((-3)/(-472))?
5
Suppose -2*f - 4 = -3*f. Suppose 0 = 4*y + 4*w - 160, 149 - 39 = 2*y - f*w. Suppose -4*c = -c + 9, d - 2*c - y = 0. What is the tens digit of d?
3
Let w(x) = x**2 + 11*x + 24. Let a be w(-7). Let d be 51/34 + (-194)/a. Let f = d + 18. What is the units digit of f?
8
Suppose 5*x - 18 - 12 = 0. Suppose -5*v = -116 + 1. Suppose h - v + x = 0. What is the units digit of h?
7
Let a(h) = -11*h + 23. Let u be a(-11). Suppose 4*c + 16 = u. What is the units digit of c?
2
Suppose -4*b = x - 23, -3*x - 32 = -5*x - b. Let a = 15 - x. Suppose 4*u - 172 + 43 = -3*g, a = -g + 2*u + 43. What is the tens digit of g?
4
Suppose -5*z - 3*g - 77 = 0, 3*g - 20 = -2*z - 58. Let m = -14 - z. What is the tens digit of 284/8 + m/(-2)?
3
Let r(n) = 2*n**3 - 12*n**2 + 7*n - 5. Let o be r(6). Suppose -2*g - 5 = -l + 2*g, -4*g = -4*l + 20. Suppose l*d + 2 = o. What is the units digit of d?
7
S